0)) + (-1 - -32).
34
What is the value of 6 - ((-9 + 2 - -102) + 14 + -28 + 19)?
-94
What is 0 + 8 - (-10 + (-19 - -47) + -24)?
14
What is the value of 175 + -88 - 87 - -9?
9
Evaluate (26 + 20 + -39 - 18) + -100.
-111
Evaluate (14 - 41) + 25 + 49 + -3.
44
17 + (35 + -20 - 26) + -21
-15
(14 - 64 - (-141 - -129)) + (-1 - -10)
-29
What is the value of 0 - -8 - (-1364 + 1328 - (14 - 0))?
58
Calculate (-12 + 31 - -33) + -11 + -8.
33
Calculate (14 - 80) + (2 - -15) + -10.
-59
Evaluate -12 - (5 - -11 - (-18 + 1 + -32)).
-77
What is -1 + -29 + 4 + -6 + (-11 - -19) + -24?
-48
What is the value of (-4 - (-39 + 6)) + 5 + (149 - 159)?
24
Evaluate 6 - (68 - (21 + -35 - 12)).
-88
Evaluate -7 + (-2 + -17 - (-353 - -345)).
-18
What is the value of 27 - 42 - -23 - -61?
69
What is 1454 + -1449 + (2 - 1) + -11 - 14?
-19
Calculate -130 + 138 - ((2 - 2) + 2 - 4 - -33).
-23
1 - -5 - (-105 + (31 - 34) - -32) - 7
75
What is -20 + 9 + (1 - 5) + 142 + -16?
111
What is 27 - (-2 - -42 - 46)?
33
What is 127 + -100 + -109 - -53?
-29
Calculate -52 - (-116 - (-7 + -17)).
40
Evaluate 0 + (1 - -18) + (-557 - -503).
-35
Calculate -28 - (-3 - (-24 + 42)).
-7
-29 + 14 + (43 - 20) + -45
-37
-410 + 408 + (1 + -3 + -57 - 3)
-64
Evaluate (17 + -7 - (-1 + -7 + (86 - 65))) + 9.
6
What is (-5 - 1) + (26 - (3 + 24)) + 1 + 48?
42
(2 - (1 - 114)) + (-372 + 174 - -218)
135
What is -12 - (-298 - -299 - ((4 - 6 - -1) + 32))?
18
What is 61 + -43 + (8 - -4)?
30
What is the value of (1 - 21 - (-92 + 72)) + 17 - -123?
140
Calculate (2 - 13) + (32 - (-29 + 5 + 12)) + 3.
36
What is 54 + (16 - -21) + -21 + -10 + 0?
60
What is the value of -3 + 2 + -11 + -45 + 28 + -40?
-69
Calculate -6 + 38 - (-223 + 200).
55
Evaluate -8 + (8 - 4) - (-250 + 243).
3
What is the value of 82 - (18 + 5 + (-18 - -24))?
53
-19 - (-83 + -50 + 70)
44
Calculate (0 - (-31 - -7)) + (222 - 236).
10
What is -82 + 110 + (-71 - -52)?
9
Calculate -4 + (11 - (-18 - -42) - 17).
-34
What is 10 + (36 + -23 - 37) - (-6 + (67 - 9))?
-66
What is (-2739 - -2668) + 3 + -19?
-87
What is the value of 20 - (30 + 13 - 32)?
9
29 - (37 - -4) - (-18 - (3 + -8))
1
Calculate 112 + -96 - (3 - (-2 - (-5 - 6))).
22
What is the value of 24 + 2 + 132 + -159?
-1
Evaluate 96 - (16 + 19 + 25).
36
What is the value of 0 - 8 - (-169 + 184 - (-4 + 11))?
-16
-1267 + 1238 + (39 - 0) + 86 + 0
96
Calculate -3 - (15 - (11 - 8)) - (1 + 7).
-23
Calculate 11 + 0 + 75 + (-50 - 39).
-3
Calculate -16 + 14 + (-20 + 12 - (2 - 10)).
-2
Evaluate -13 + 0 + (163 + -36 - 128).
-14
What is 1 + 20 + (-130 - 12) - -10?
-111
Evaluate (0 + (-3 - 7) + 5 - -1 - 30) + 9.
-25
What is 142 - (-6 + (-33 + 33 - -41))?
107
Evaluate 122 - (-74 - -93) - (2 - -27).
74
What is -31 - (-6 - -11) - ((48 - 57) + 12)?
-39
Calculate (-9 - -15 - -1 - (2 + 10)) + -28.
-33
-2 + -25 + (23 + -1 - 2) + -100 + 88
-19
What is the value of (-1 - 10) + (-165 - -183) + -1?
6
Evaluate (64 - 21) + (-19 - -3).
27
What is -3 + -28 + 6 + -5 + -33 + (35 - 12)?
-40
What is the value of (73 - 43) + (-49 - (-10 - -4))?
-13
Calculate (-50 - -38) + 9 + 28.
25
Calculate -432336 - -432334 - ((2 - (-113 - (-2 + 0))) + -1).
-114
Calculate 11 + 58 + (-68 - -14).
15
-31 - 0 - (4473 + -4413)
-91
What is the value of -2 + (41 - -29 - (23 - 1))?
46
Evaluate 71 + -59 + -48 - -125.
89
Evaluate (77 - 71) + ((-2 - -7) + 2 - 9).
4
-3 + (1 - 6 - (-19 + 36 - 31)) + 2
8
What is the value of -3 - (-375 + 362 + -1 + 20)?
-9
Calculate (-68 + 46 - -18) + -31.
-35
-47 - 2 - (-4 + (16 - (1 + 1) - 9))
-50
What is 10 - (25 + (13 - (34 - 15)))?
-9
Evaluate 7 + (6 - 21) - 13 - (-57 + -45).
81
What is (4 - 76) + 79 - (4 - -28)?
-25
Evaluate -17 + (64 + -59 - (2 + 7 + (1 - -4))).
-26
What is the value of (2 - 71) + 7561 + -7398?
94
What is 33 - (8 + (-13 - (-8 + 3)) + 10)?
23
What is the value of 1 - (0 + 22 + (-33 - -23) - -2)?
-13
Calculate -46 - (0 - -12 - ((-14 - -65) + -32)).
-39
What is -17 - ((-2 - 101) + (-162 - -187))?
61
What is -11 - (3 + -2 + -20 - (-385 + 517))?
140
Calculate -58 + -19 + 50 - -49.
22
What is 54 - -13 - (-1570 + 1636)?
1
Evaluate 236 + 166 + -336 - (0 - -15).
51
What is -3 + -4 + (-55 - -61) + 15?
14
What is -20 + 57 + -34 + 4 + -5 + 20?
22
Calculate 265 + -92 + -276 + 2 + (1 - -10).
-90
Evaluate -7 + -6 + 19 - (-103 - -41 - (2 - 1)).
69
Evaluate (-2 - (7 + -3)) + 17 + (5 - (-11 - 15)).
42
(11 + 2 - (-2 + -2)) + 3 + (-9 - -8)
19
What is the value of -236 - -214 - (-43 - -9)?
12
Evaluate 301 + -243 - (20 + -17 + (-11 - 1)).
67
10 + -8 + 12 + -6 - 62
-54
Calculate -3 - -89 - 1 - (184 + -157 + -20).
78
Calculate 42 + -9 + -92 + (-10 - 0) + (3 - -1).
-65
What is -10 - (-30 + 33 + 19)?
-32
10 - (77 - (32 + -21)) - -18
-38
Calculate 1 + (24 - 41 - -23).
7
What is the value of -69 + (222 - 72) + -67?
14
Evaluate 118 - (13 - -28) - 9.
68
Calculate -3 + 18 - (18 - 45) - -14.
56
Evaluate 2 + 5 + -21 - (-11 + 12).
-15
Evaluate 29 - (-38 - -50 - 12).
29
Calculate -25 + (3 + -37 - (-19 - -34)).
-74
Calculate -72 + (25 - (49 - 7)) + 28.
-61
What is 1 + 9 + (33 + (55 - 37) - -32)?
93
Calculate -1 + 11 - (154 + (109 - 184) - (-20 + 1)).
-88
What is the value of 81 + -39 + -33 + 0 + -62 + -4 + -1?
-58
What is 60 + (-76 - 40) - (2 - -1)?
-59
What is the value of (642 - 636) + -34 + 1 - (2 - (-5 + 4))?
-30
Calculate -30 + 11 + -6 + -17 + 33.
-9
Calculate 18 - (-102 - -99 - (-1 - 1)).
19
-15 + -2 - (-39 + -12) - 16
18
What is the value of (-2 - -2) + (276 - 231)?
45
Calculate 31 + -48 + (24 - 7).
0
Evaluate -36 - (34 - (28 + 66)).
24
Calculate 8 + (1 + 13 + -5 - (63 + (8 - 13))).
-41
What is (4 - (2 + (-3 - 1) + 1)) + 4 + 21?
30
Calculate 69 - (-6 - -6 - (-85 - -75)).
59
What is the value of -1 + -64 + (113 - (66 - -29))?
-47
Calculate (-8 - (-4 + 6)) + (44 - (7 + -3)).
30
1 + -2 + 19 + -1 + -114 + 11 - 4
-90
0 - (-20 + 1) - ((-17 - (-21 + 20)) + 24)
11
What is the value of -587 + 756 - (0 + 104)?
65
Calculate 11 + -4 + -11 + -6 + -27.
-37
(-59 - -43 - -6) + (5 - 13 - 1)
-19
What is the value of (36 - 18) + -39 + -41 + 19?
-43
Evaluate -93 + (1 + -11 - (0 + -1 - (185 + -173))).
-90
-17 + 6 + 10 + 22 + -20 + -51
-50
Calculate 71 - (82 - (80 + -85)).
-16
-7 - (-13 - (-15 - -13) - -9) - (20 - -1)
-26
Evaluate (5 + 57 - 12) + -67.
-17
-29 + 145 + -69 - (-1 + -4)
52
Calculate 78 - (-87 - (40 - 133)).
72
(20 - (-32 + 27) - 27) + 17
15
Calculate -41 + -36 + 56 + 23.
2
What is 1 - -1 - 2 - (-147 - -54) - (-105 - -99)?
99
Evaluate 38 + -31 + (5 - ((-10 - -5) + 2)) + -23.
-8
What is (-10 + 51 - (-133 + 285)) + 37?
-74
What is the value of -44 - (-30 + 1 + 75 + -67)?
-23
What is the value of -31 - (-52 + 57 - 1)?
-35
Calculate -31 + (-1 - (-18 - (-31 + 0) - (8 + 0))).
-37
(-4 - (-2 - (-3 + (-7 - -10)))) + -22
-24
What is 3 - ((-4 + 59 - 28) + -1 + -3)?
-20
5 + 12 + 0 + -11 + -2 + 12
16
What is the value of 95 + (-305 - -187) - ((2 - -13) + 2)?
-40
Evaluate -35 + 21 + (4 - (-13 - 16)).
19
(-5 + (-5 - 3) + 3 - 16) + -4
-30
What is the value of 49 + 18 - 24 - (18 + -3)?
28
What is 1 + -5 + -26 + 707 + -819?
-142
107 - (-22 + -47 + 88)
88
Evaluate 0 - 7 - (-72 + (59 - -56)).
-50
What is -11 - (17 - -41 - 32)?
-37
Evaluate (-67 - -52) + (-47 + (-2 - 8) - 1).
-73
What is the value of -11 - (6 + -6) - (66 - (-16 - (-18 - -12)))?
-87
What is the value of (27 - (15 + -7) - 16) + (-7 - 0 - -2)?
-2
Calculate 4 + (-8 + -9 - -42).
29
Calculate -27 - (-137 + 116 + -28 + 10).
12
What is the value of -30 + (4 - -23) - (1 + 70 + -2)?
-72
30 + 4 + -22 + 52 - ((-1 - 5) + 3)
67
(3 - -1) + -68 - (-8 - (14 - 9))
-51
Calculate -14 + 0 - (-24 - 0 - (-1022 + 934)).
-78
Calculate (233 + -29 - 213) + (2 - ((-2 - -46) + -2)).
-49
Evaluate -9 + ((1 - 88) + (37 - 19) + -15 - -13).
-80
What is -4 - (-1 - -1) - ((-25 - -240) + -130)?
-89
Evaluate (-22 - -27) + 14 + (-8 - 2) - -3.
12
(32 - (39 - -27)) + (-1 - 2) + 19
-18
What is the value of 24 + -8 + 2 + (-1 + 3 - (-91 + 102))?
9
What is the value of 0 + 11 + (-264 - -173) + 0 + -18?
-98
What is (11 - -3) + -7 + 12 + -43?
-24
Calculate -48 - (-48 + 22) - 5.
-27
What is 1 + -32 + -216 + 264?
17
What is the value of (13 - 7) + (22 - (0 - (-9 - (-4 + -8))))?
31
What is (-69 - (-80 - -2)) + 47?
56
Evaluate 114 + (37 - 4) + -60 + -11.
76
What is the value of -50 + 17 + (-2 + 1 + -14 - -6)?
-42
What is -48 + (19 - 20) - -44?
-5
Calcula